{"id":173,"date":"2020-06-22T23:14:25","date_gmt":"2020-06-23T04:14:25","guid":{"rendered":"https:\/\/www.marshallcohealthdepartment.com\/2020\/?page_id=173"},"modified":"2026-02-09T16:21:49","modified_gmt":"2026-02-09T22:21:49","slug":"wic","status":"publish","type":"page","link":"https:\/\/www.marshallcohealthdepartment.com\/2020\/wic\/","title":{"rendered":"WIC"},"content":{"rendered":"\t\t<div data-elementor-type=\"wp-page\" data-elementor-id=\"173\" class=\"elementor elementor-173\" data-elementor-post-type=\"page\">\n\t\t\t\t\t\t<section class=\"elementor-section elementor-top-section elementor-element elementor-element-6ffd1be elementor-section-boxed elementor-section-height-default elementor-section-height-default\" data-id=\"6ffd1be\" data-element_type=\"section\">\n\t\t\t\t\t\t<div class=\"elementor-container elementor-column-gap-default\">\n\t\t\t\t\t<div class=\"elementor-column elementor-col-100 elementor-top-column elementor-element elementor-element-2681554\" data-id=\"2681554\" data-element_type=\"column\">\n\t\t\t<div class=\"elementor-widget-wrap elementor-element-populated\">\n\t\t\t\t\t\t<div class=\"elementor-element elementor-element-f6ffc71 elementor-widget elementor-widget-heading\" data-id=\"f6ffc71\" data-element_type=\"widget\" data-widget_type=\"heading.default\">\n\t\t\t\t<div class=\"elementor-widget-container\">\n\t\t\t\t\t<h2 class=\"elementor-heading-title elementor-size-default\">Marshall County Health Department WIC Program<\/h2>\t\t\t\t<\/div>\n\t\t\t\t<\/div>\n\t\t\t\t\t<\/div>\n\t\t<\/div>\n\t\t\t\t\t<\/div>\n\t\t<\/section>\n\t\t\t\t<section class=\"elementor-section elementor-top-section elementor-element elementor-element-533c9b5 elementor-section-boxed elementor-section-height-default elementor-section-height-default\" data-id=\"533c9b5\" data-element_type=\"section\">\n\t\t\t\t\t\t<div class=\"elementor-container elementor-column-gap-default\">\n\t\t\t\t\t<div class=\"elementor-column elementor-col-100 elementor-top-column elementor-element elementor-element-ab0de08\" data-id=\"ab0de08\" data-element_type=\"column\">\n\t\t\t<div class=\"elementor-widget-wrap elementor-element-populated\">\n\t\t\t\t\t\t<div class=\"elementor-element elementor-element-e250a42 elementor-widget elementor-widget-text-editor\" data-id=\"e250a42\" data-element_type=\"widget\" data-widget_type=\"text-editor.default\">\n\t\t\t\t<div class=\"elementor-widget-container\">\n\t\t\t\t\t\t\t\t\t<p>The Special Supplemental Nutritional Program for Women, Infants and Children (WIC) is a public nutrition program under the USDA. WIC provides nutrition education, healthy foods, breastfeeding support, and healthcare referrals for income-eligible women who are pregnant or postpartum, infants and children up to age 5.<\/p>\t\t\t\t\t\t\t\t<\/div>\n\t\t\t\t<\/div>\n\t\t\t\t<div class=\"elementor-element elementor-element-b7550de elementor-widget elementor-widget-text-editor\" data-id=\"b7550de\" data-element_type=\"widget\" data-widget_type=\"text-editor.default\">\n\t\t\t\t<div class=\"elementor-widget-container\">\n\t\t\t\t\t\t\t\t\t<h2 style=\"text-align: center;\"><span style=\"color: #333399;\"><strong>WIC Shopper App &#8211; Available in Multiple Languages<\/strong><\/span><\/h2><p><span style=\"color: #333399;\">The WIC Shopper App is available in 21 languages.\u00a0 In order to utilize the app in a language other than English, the language must be changed in the app&#8217;s settings.\u00a0 \u00a0 While in the app, look for a photo similar to what is below, tap the photo\u00a0 to get step-by-step instructions on how to change the language.<\/span><\/p>\t\t\t\t\t\t\t\t<\/div>\n\t\t\t\t<\/div>\n\t\t\t\t<div class=\"elementor-element elementor-element-39dcd21 elementor-widget elementor-widget-image\" data-id=\"39dcd21\" data-element_type=\"widget\" data-widget_type=\"image.default\">\n\t\t\t\t<div class=\"elementor-widget-container\">\n\t\t\t\t\t\t\t\t\t\t\t\t\t\t\t<img fetchpriority=\"high\" decoding=\"async\" width=\"768\" height=\"275\" src=\"https:\/\/www.marshallcohealthdepartment.com\/2020\/wp-content\/uploads\/2023\/04\/WIC-shopper-app-ad-768x275.png\" class=\"attachment-medium_large size-medium_large wp-image-3823\" alt=\"\" srcset=\"https:\/\/www.marshallcohealthdepartment.com\/2020\/wp-content\/uploads\/2023\/04\/WIC-shopper-app-ad-768x275.png 768w, https:\/\/www.marshallcohealthdepartment.com\/2020\/wp-content\/uploads\/2023\/04\/WIC-shopper-app-ad-300x107.png 300w, https:\/\/www.marshallcohealthdepartment.com\/2020\/wp-content\/uploads\/2023\/04\/WIC-shopper-app-ad-1024x367.png 1024w, https:\/\/www.marshallcohealthdepartment.com\/2020\/wp-content\/uploads\/2023\/04\/WIC-shopper-app-ad.png 1368w\" sizes=\"(max-width: 768px) 100vw, 768px\" \/>\t\t\t\t\t\t\t\t\t\t\t\t\t\t\t<\/div>\n\t\t\t\t<\/div>\n\t\t\t\t<div class=\"elementor-element elementor-element-ffbcade elementor-widget elementor-widget-spacer\" data-id=\"ffbcade\" data-element_type=\"widget\" data-widget_type=\"spacer.default\">\n\t\t\t\t<div class=\"elementor-widget-container\">\n\t\t\t\t\t\t\t<div class=\"elementor-spacer\">\n\t\t\t<div class=\"elementor-spacer-inner\"><\/div>\n\t\t<\/div>\n\t\t\t\t\t\t<\/div>\n\t\t\t\t<\/div>\n\t\t\t\t\t<\/div>\n\t\t<\/div>\n\t\t\t\t\t<\/div>\n\t\t<\/section>\n\t\t\t\t<section class=\"elementor-section elementor-top-section elementor-element elementor-element-123a5f4 elementor-section-boxed elementor-section-height-default elementor-section-height-default\" data-id=\"123a5f4\" data-element_type=\"section\">\n\t\t\t\t\t\t<div class=\"elementor-container elementor-column-gap-default\">\n\t\t\t\t\t<div class=\"elementor-column elementor-col-100 elementor-top-column elementor-element elementor-element-b8aa3a7\" data-id=\"b8aa3a7\" data-element_type=\"column\">\n\t\t\t<div class=\"elementor-widget-wrap elementor-element-populated\">\n\t\t\t\t\t\t<div class=\"elementor-element elementor-element-aa1b217 elementor-widget elementor-widget-video\" data-id=\"aa1b217\" data-element_type=\"widget\" data-settings=\"{&quot;youtube_url&quot;:&quot;https:\\\/\\\/www.youtube.com\\\/embed\\\/k2AVGO2cBzM&quot;,&quot;video_type&quot;:&quot;youtube&quot;,&quot;controls&quot;:&quot;yes&quot;}\" data-widget_type=\"video.default\">\n\t\t\t\t<div class=\"elementor-widget-container\">\n\t\t\t\t\t\t\t<div class=\"elementor-wrapper elementor-open-inline\">\n\t\t\t<div class=\"elementor-video\"><\/div>\t\t<\/div>\n\t\t\t\t\t\t<\/div>\n\t\t\t\t<\/div>\n\t\t\t\t<div class=\"elementor-element elementor-element-7d5ac71 elementor-widget elementor-widget-video\" data-id=\"7d5ac71\" data-element_type=\"widget\" data-settings=\"{&quot;youtube_url&quot;:&quot;https:\\\/\\\/www.youtube.com\\\/embed\\\/HI66CQjpbX0&quot;,&quot;video_type&quot;:&quot;youtube&quot;,&quot;controls&quot;:&quot;yes&quot;}\" data-widget_type=\"video.default\">\n\t\t\t\t<div class=\"elementor-widget-container\">\n\t\t\t\t\t\t\t<div class=\"elementor-wrapper elementor-open-inline\">\n\t\t\t<div class=\"elementor-video\"><\/div>\t\t<\/div>\n\t\t\t\t\t\t<\/div>\n\t\t\t\t<\/div>\n\t\t\t\t\t<\/div>\n\t\t<\/div>\n\t\t\t\t\t<\/div>\n\t\t<\/section>\n\t\t\t\t<section class=\"elementor-section elementor-top-section elementor-element elementor-element-c78ae3e elementor-section-boxed elementor-section-height-default elementor-section-height-default\" data-id=\"c78ae3e\" data-element_type=\"section\">\n\t\t\t\t\t\t<div class=\"elementor-container elementor-column-gap-default\">\n\t\t\t\t\t<div class=\"elementor-column elementor-col-100 elementor-top-column elementor-element elementor-element-e5f3827\" data-id=\"e5f3827\" data-element_type=\"column\">\n\t\t\t<div class=\"elementor-widget-wrap\">\n\t\t\t\t\t\t\t<\/div>\n\t\t<\/div>\n\t\t\t\t\t<\/div>\n\t\t<\/section>\n\t\t\t\t<section class=\"elementor-section elementor-top-section elementor-element elementor-element-821e685 elementor-section-boxed elementor-section-height-default elementor-section-height-default\" data-id=\"821e685\" data-element_type=\"section\">\n\t\t\t\t\t\t<div class=\"elementor-container elementor-column-gap-default\">\n\t\t\t\t\t<div class=\"elementor-column elementor-col-100 elementor-top-column elementor-element elementor-element-ed3b250\" data-id=\"ed3b250\" data-element_type=\"column\">\n\t\t\t<div class=\"elementor-widget-wrap elementor-element-populated\">\n\t\t\t\t\t\t<div class=\"elementor-element elementor-element-1bc5e7d elementor-widget elementor-widget-text-editor\" data-id=\"1bc5e7d\" data-element_type=\"widget\" data-widget_type=\"text-editor.default\">\n\t\t\t\t<div class=\"elementor-widget-container\">\n\t\t\t\t\t\t\t\t\t<h2 class=\"agencyElement-H2\" data-eltype=\"H2\"><strong>Notice<\/strong><\/h2><p class=\"agencyElement-P\" style=\"text-align: center;\">\u200b\u200bNeed help? If you have difficulty understanding or reading English or have a disability, free language assistance or other aids and services are available upon request. Please contact the Marshall County Health Department at (270) 527-1496 or the state WIC Office at (877) 597-0367. If you have a disability and need assistance calling us, contact the State Relay Number at 711 or for TTY to voice, call (800) 648-6056.<\/p><p class=\"agencyElement-P\"><a href=\"https:\/\/www.marshallcohealthdepartment.com\/2020\/wp-content\/uploads\/2024\/05\/Added-Free-Language-Assistance-rev.-4.23.pdf\">Free Language Assistance<\/a><\/p><p class=\"agencyElement-P\" style=\"text-align: center;\">This institution is a\u200bn equal opportunity provider.<br \/>Esta institucion es un proveedor que ofrece iqualdad de oportunidades.<\/p>\t\t\t\t\t\t\t\t<\/div>\n\t\t\t\t<\/div>\n\t\t\t\t<div class=\"elementor-element elementor-element-b0f6517 elementor-widget elementor-widget-text-editor\" data-id=\"b0f6517\" data-element_type=\"widget\" data-widget_type=\"text-editor.default\">\n\t\t\t\t<div class=\"elementor-widget-container\">\n\t\t\t\t\t\t\t\t\t<p style=\"text-align: left;\">In accordance with federal civil rights law and U.S. Department of Agriculture (USDA) civil rights regulations and policies, this institution is prohibited from discriminating on the basis of race, color, national origin, sex (including gender identity and sexual orientation), disability, age, or reprisal or retaliation for prior civil rights activity.<\/p><p style=\"text-align: left;\">Program information may be made available in languages other than English. Persons with disabilities who require alternative means of communication to obtain program information (e.g., Braille, large print, audiotape, American Sign Language), should contact the responsible state or local agency that administers the program or USDA\u2019s TARGET Center at (202) 720-2600 (voice and TTY) or contact USDA through the Federal Relay Service at (800) 877-8339.<\/p><p style=\"text-align: left;\">To file a program discrimination complaint, a Complainant should complete a Form AD-3027, USDA Program Discrimination Complaint Form which can be obtained online at:\u00a0<a href=\"https:\/\/www.usda.gov\/sites\/default\/files\/documents\/USDA-OASCR%20P-Complaint-Form-0508-0002-508-11-28-17Fax2Mail.pdf\">https:\/\/www.usda.gov\/sites\/default\/files\/documents\/USDA-OASCR%20P-Complaint-Form-0508-0002-508-11-28-17Fax2Mail.pdf<\/a>, from any USDA office, by calling (866) 632-9992, or by writing a letter addressed to USDA. The letter must contain the complainant\u2019s name, address, telephone number, and a written description of the alleged discriminatory action in sufficient detail to inform the Assistant Secretary for Civil Rights (ASCR) about the nature and date of an alleged civil rights violation. The completed AD-3027 form or letter must be submitted to USDA by:<\/p><ol><li style=\"text-align: left;\"><strong>mail:<\/strong><br \/>U.S. Department of Agriculture<br \/>Office of the Assistant Secretary for Civil Rights<br \/>1400 Independence Avenue, SW<br \/>Washington, D.C. 20250-9410; or<\/li><li style=\"text-align: left;\"><strong>fax:<\/strong><br \/>(833) 256-1665 or (202) 690-7442; or<\/li><li style=\"text-align: left;\"><strong>email:<\/strong><br \/><a href=\"mailto:program.intake@usda.gov\">program.intake@usda.gov<\/a><\/li><\/ol><p style=\"text-align: left;\">This institution is an equal opportunity provider.<\/p><p>\u00a0<\/p><p>\u00a0<\/p><p>\u00a0<\/p><p style=\"text-align: left;\"><span style=\"font-weight: var( --e-global-typography-text-font-weight ); text-align: center;\">De acuerdo con la ley federal de derechos civiles y las normas y pol\u00edticas de derechos civiles del Departamento de Agricultura de los Estados Unidos (USDA), esta entidad est\u00e1 prohibida de discriminar por motivos de raza, color, origen nacional, sexo (incluyendo identidad de g\u00e9nero y orientaci\u00f3n sexual), discapacidad, edad, o represalia o retorsi\u00f3n por actividades previas de derechos civiles.<\/span><\/p><p style=\"text-align: left;\">La informaci\u00f3n sobre el programa puede estar disponible en otros idiomas que no sean el ingl\u00e9s. Las personas con discapacidades que requieren medios alternos de comunicaci\u00f3n para obtener la informaci\u00f3n del programa (por ejemplo, Braille, letra grande, cinta de audio, lenguaje de se\u00f1as americano (ASL), etc.) deben comunicarse con la agencia local o estatal responsable de administrar el programa o con el Centro TARGET del USDA al (202) 720-2600 (voz y TTY) o comun\u00edquese con el USDA a trav\u00e9s del Servicio Federal de Retransmisi\u00f3n al (800) 877-8339.<\/p><p style=\"text-align: left;\">Para presentar una queja por discriminaci\u00f3n en el programa, el reclamante debe llenar un formulario AD-3027, formulario de queja por discriminaci\u00f3n en el programa del USDA, el cual puede obtenerse en l\u00ednea en: <a href=\"https:\/\/www.usda.gov\/sites\/default\/files\/documents\/USDA-OASCR%20P-Complaint-Form-0508-0002-508-11-28-17Fax2Mail.pdf\">https:\/\/www.usda.gov\/sites\/default\/files\/documents\/USDA-<\/a> <a href=\"https:\/\/www.usda.gov\/sites\/default\/files\/documents\/USDA-OASCR%20P-Complaint-Form-0508-0002-508-11-28-17Fax2Mail.pdf\">OASCR%20P-Complaint-Form-0508-0002-508-11-28-17Fax2Mail.pdf,<\/a> de cualquier oficina de USDA, llamando al (866) 632-9992, o escribiendo una carta dirigida a USDA. La carta debe contener el nombre del demandante, la direcci\u00f3n, el n\u00famero de tel\u00e9fono y una descripci\u00f3n escrita de la acci\u00f3n discriminatoria alegada con suficiente detalle para informar al Subsecretario de Derechos Civiles (ASCR) sobre la naturaleza y fecha de una presunta violaci\u00f3n de derechos civiles. El formulario AD-3027 completado o la carta debe presentarse a USDA por:<\/p><p style=\"text-align: left;\"><strong>(1)\u00a0\u00a0\u00a0\u00a0\u00a0\u00a0\u00a0\u00a0\u00a0\u00a0\u00a0 correo:<\/strong><\/p><p style=\"text-align: left;\">U.S. Department of Agriculture<\/p><p style=\"text-align: left;\">Office of the Assistant Secretary for Civil Rights 1400 Independence Avenue, SW Washington, D.C. 20250-9410; or<\/p><p style=\"text-align: left;\"><strong>(2)\u00a0\u00a0\u00a0\u00a0\u00a0\u00a0\u00a0\u00a0\u00a0\u00a0\u00a0\u00a0\u00a0\u00a0 fax:<\/strong><\/p><p style=\"text-align: left;\">(833) 256-1665 o (202) 690-7442; o<\/p><p style=\"text-align: left;\"><strong>(3)\u00a0\u00a0\u00a0\u00a0\u00a0\u00a0\u00a0\u00a0\u00a0\u00a0\u00a0\u00a0\u00a0\u00a0 correo electr\u00f3nico:<\/strong><\/p><p style=\"text-align: left;\"><a href=\"mailto:program.intake@usda.gov\">program.intake@usda.gov<\/a><\/p><p style=\"text-align: left;\">Esta instituci\u00f3n es un proveedor que ofrece igualdad de oportunidades.<\/p><p style=\"text-align: left;\">\u00a0<\/p>\t\t\t\t\t\t\t\t<\/div>\n\t\t\t\t<\/div>\n\t\t\t\t\t<\/div>\n\t\t<\/div>\n\t\t\t\t\t<\/div>\n\t\t<\/section>\n\t\t\t\t<section class=\"elementor-section elementor-top-section elementor-element elementor-element-5229743 elementor-section-boxed elementor-section-height-default elementor-section-height-default\" data-id=\"5229743\" data-element_type=\"section\">\n\t\t\t\t\t\t<div class=\"elementor-container elementor-column-gap-default\">\n\t\t\t\t\t<div class=\"elementor-column elementor-col-100 elementor-top-column elementor-element elementor-element-c8d778d\" data-id=\"c8d778d\" data-element_type=\"column\">\n\t\t\t<div class=\"elementor-widget-wrap elementor-element-populated\">\n\t\t\t\t\t\t<div class=\"elementor-element elementor-element-0b20abc elementor-widget elementor-widget-text-editor\" data-id=\"0b20abc\" data-element_type=\"widget\" data-widget_type=\"text-editor.default\">\n\t\t\t\t<div class=\"elementor-widget-container\">\n\t\t\t\t\t\t\t\t\t<p style=\"text-align: right;\"><span style=\"color: #003366;\"><span style=\"color: #003366;\">Page reviewed 2-9-2026<\/span><\/span><\/p>\t\t\t\t\t\t\t\t<\/div>\n\t\t\t\t<\/div>\n\t\t\t\t\t<\/div>\n\t\t<\/div>\n\t\t\t\t\t<\/div>\n\t\t<\/section>\n\t\t\t\t<\/div>\n\t\t","protected":false},"excerpt":{"rendered":"<p>Marshall County Health Department WIC Program The Special Supplemental Nutritional Program for Women, Infants and Children (WIC) is a public nutrition program under the USDA. WIC provides nutrition education, healthy foods, breastfeeding support, and healthcare referrals for income-eligible women who are pregnant or postpartum, infants and children up to age 5. WIC Shopper App &#8211; &#8230; <a title=\"WIC\" class=\"read-more\" href=\"https:\/\/www.marshallcohealthdepartment.com\/2020\/wic\/\" aria-label=\"More on WIC\">Read more<\/a><\/p>\n","protected":false},"author":1,"featured_media":0,"parent":0,"menu_order":0,"comment_status":"closed","ping_status":"closed","template":"elementor_header_footer","meta":{"_monsterinsights_skip_tracking":false,"_monsterinsights_sitenote_active":false,"_monsterinsights_sitenote_note":"","_monsterinsights_sitenote_category":0,"footnotes":""},"class_list":["post-173","page","type-page","status-publish"],"_links":{"self":[{"href":"https:\/\/www.marshallcohealthdepartment.com\/2020\/wp-json\/wp\/v2\/pages\/173","targetHints":{"allow":["GET"]}}],"collection":[{"href":"https:\/\/www.marshallcohealthdepartment.com\/2020\/wp-json\/wp\/v2\/pages"}],"about":[{"href":"https:\/\/www.marshallcohealthdepartment.com\/2020\/wp-json\/wp\/v2\/types\/page"}],"author":[{"embeddable":true,"href":"https:\/\/www.marshallcohealthdepartment.com\/2020\/wp-json\/wp\/v2\/users\/1"}],"replies":[{"embeddable":true,"href":"https:\/\/www.marshallcohealthdepartment.com\/2020\/wp-json\/wp\/v2\/comments?post=173"}],"version-history":[{"count":10,"href":"https:\/\/www.marshallcohealthdepartment.com\/2020\/wp-json\/wp\/v2\/pages\/173\/revisions"}],"predecessor-version":[{"id":5631,"href":"https:\/\/www.marshallcohealthdepartment.com\/2020\/wp-json\/wp\/v2\/pages\/173\/revisions\/5631"}],"wp:attachment":[{"href":"https:\/\/www.marshallcohealthdepartment.com\/2020\/wp-json\/wp\/v2\/media?parent=173"}],"curies":[{"name":"wp","href":"https:\/\/api.w.org\/{rel}","templated":true}]}}